{"id":987513354,"date":"2024-02-17T21:52:13","date_gmt":"2024-02-17T20:52:13","guid":{"rendered":"https:\/\/bancodefotografias.com\/?post_type=product&#038;p=987513354"},"modified":"2024-02-17T21:57:08","modified_gmt":"2024-02-17T20:57:08","slug":"banco-de-fotografias-dt94","status":"publish","type":"product","link":"https:\/\/bancodefotografias.com\/inicio\/imagenes\/banco-de-fotografias-dt94\/","title":{"rendered":"Banco de fotografias en blanco y negro  dt94"},"content":{"rendered":"<h4><\/h4>\n<h4>Banco de fotograf\u00edas e im\u00e1genes en blanco y negro paisaje urbano<\/h4>\n<h4>fotografia del palacio real de madrid en blanco y negro<\/h4>\n<div class=\"flex-1 overflow-hidden\">\n<div class=\"react-scroll-to-bottom--css-yjnsg-79elbk h-full dark:bg-gray-800\">\n<div class=\"react-scroll-to-bottom--css-yjnsg-1n7m0yu\">\n<div class=\"flex flex-col text-sm dark:bg-gray-800\">\n<div class=\"group final-completion w-full text-token-text-primary border-b border-black\/10 gizmo:border-0 dark:border-gray-900\/50 gizmo:dark:border-0 bg-gray-50 gizmo:bg-transparent dark:bg-[#444654] gizmo:dark:bg-transparent\" data-testid=\"conversation-turn-183\">\n<div class=\"p-4 justify-center text-base md:gap-6 md:py-6 m-auto\">\n<div class=\"flex flex-1 gap-4 text-base mx-auto md:gap-6 gizmo:gap-3 gizmo:md:px-5 gizmo:lg:px-1 gizmo:xl:px-5 md:max-w-2xl lg:max-w-[38rem] gizmo:md:max-w-3xl gizmo:lg:max-w-[40rem] gizmo:xl:max-w-[48rem] xl:max-w-3xl }\">\n<div class=\"relative flex w-[calc(100%-50px)] flex-col gizmo:w-full lg:w-[calc(100%-115px)] agent-turn\">\n<div class=\"flex-col gap-1 md:gap-3\">\n<div class=\"flex flex-grow flex-col gap-3 max-w-full\">\n<div class=\"min-h-[20px] flex flex-col items-start gap-3 whitespace-pre-wrap break-words overflow-x-auto\">\n<div class=\"markdown prose w-full break-words dark:prose-invert light\">\n<div class=\"flex-1 overflow-hidden\">\n<div class=\"react-scroll-to-bottom--css-yjnsg-79elbk h-full dark:bg-gray-800\">\n<div class=\"react-scroll-to-bottom--css-yjnsg-1n7m0yu\">\n<div class=\"flex flex-col text-sm dark:bg-gray-800\">\n<div class=\"group final-completion w-full text-token-text-primary border-b border-black\/10 gizmo:border-0 dark:border-gray-900\/50 gizmo:dark:border-0 bg-gray-50 gizmo:bg-transparent dark:bg-[#444654] gizmo:dark:bg-transparent\" data-testid=\"conversation-turn-183\">\n<div class=\"p-4 justify-center text-base md:gap-6 md:py-6 m-auto\">\n<div class=\"flex flex-1 gap-4 text-base mx-auto md:gap-6 gizmo:gap-3 gizmo:md:px-5 gizmo:lg:px-1 gizmo:xl:px-5 md:max-w-2xl lg:max-w-[38rem] gizmo:md:max-w-3xl gizmo:lg:max-w-[40rem] gizmo:xl:max-w-[48rem] xl:max-w-3xl }\">\n<div class=\"relative flex w-[calc(100%-50px)] flex-col gizmo:w-full lg:w-[calc(100%-115px)] agent-turn\">\n<div class=\"flex-col gap-1 md:gap-3\">\n<div class=\"flex flex-grow flex-col gap-3 max-w-full\">\n<div class=\"min-h-[20px] flex flex-col items-start gap-3 whitespace-pre-wrap break-words overflow-x-auto\">\n<div class=\"markdown prose w-full break-words dark:prose-invert light\">\n<p style=\"text-align: justify;\">Si necesitas realizar una sesi\u00f3n de fotograf\u00eda \u00fanica, \u00bb comuni\u00f3n, boda, bautizos, retrato, desnudo, lencer\u00eda, comercial, productos o de cualquier otro tipo\u00bb .<\/p>\n<p style=\"text-align: justify;\">Concierta una cita mandando un mensaje\u00a0 a INFORMACION@DETENIENDOELTIEMPO.ES o\u00a0 visitando\u00a0 nuestra pagina de fotograf\u00eda <a href=\"http:\/\/www.deteniendoeltiempo.es\" target=\"_blank\" rel=\"noopener\">http:\/\/www.deteniendoeltiempo.es<\/a><\/p>\n<p style=\"text-align: justify;\">Visita nuestro blog si te interesa leer alg\u00fan articulo, pulsa <a href=\"https:\/\/bancodefotografias.com\/blog\/\">AQUI<\/a><\/p>\n<p style=\"text-align: justify;\">Tambi\u00e9n PUEDES\u00a0 ver mas CATEGORIAS de fotograf\u00edas\u00a0 dentro del Banco de fotograf\u00edas , pulsa <a href=\"https:\/\/bancodefotografias.com\/banco-de-fotografias-2\/\">AQUI<\/a><\/p>\n<\/div>\n<\/div>\n<\/div>\n<\/div>\n<\/div>\n<\/div>\n<\/div>\n<\/div>\n<\/div>\n<\/div>\n<\/div>\n<\/div>\n<\/div>\n<\/div>\n<\/div>\n<\/div>\n<\/div>\n<\/div>\n<\/div>\n<\/div>\n<\/div>\n<\/div>\n<\/div>\n<\/div>\n","protected":false},"excerpt":{"rendered":"<p>BANCO DE FOTOGRAFIAS<\/p>\n<p><strong>CATEGORIA:\u00a0 BLANCO Y NEGRO.-\u00a0 URBANO\u00a0 .-\u00a0<\/strong><\/p>\n<p><strong>N\u00ba de veces que esta a la venta imagen: 25<\/strong><\/p>\n<div class=\"group-content-key-value group-content fileSize\">\n<div class=\"group-content-key-value group-content fileSize\">\n<p class=\"group-content-key-value-key\">Tama\u00f1o de archivo: 4,95 MB Dimensiones 6016 x 4000<\/p>\n<\/div>\n<\/div>\n<p><strong>\u00a0<\/strong><\/p>\n<p><strong> Descarga de archivos y licencias<br \/>\nEl usuario tiene acceso privado completo al archivo descargado por tiempo ilimitado.<br \/>\nLos derechos de autor de la imagen descargada seguir\u00e1n perteneciendo a su propietario.<\/strong><\/p>\n<p><strong><br \/>\nDescarga de archivos: Peque\u00f1o<br \/>\nArchivo con una resoluci\u00f3n m\u00e1xima de 800 px<\/strong><\/p>\n<p><strong><br \/>\nDescarga de archivos: Pantalla<br \/>\nArchivo con una resoluci\u00f3n m\u00e1xima de 1024 p\u00edxeles.<\/strong><\/p>\n<p><strong><br \/>\nDescarga de archivos: Tama\u00f1o completo<br \/>\nArchivo original en la m\u00e1xima calidad para obtener un resultado \u00f3ptimo<\/strong><\/p>\n<p>NO VALIDA SU UTILIZACION PARA VENTA DE LA PROPIA IMAGEN COMO FICHERO DE DESCARGA O SIMILAR.<\/p>\n","protected":false},"featured_media":0,"comment_status":"open","ping_status":"closed","template":"","meta":{"_et_pb_use_builder":"","_et_pb_old_content":"","_et_gb_content_width":""},"product_brand":[],"product_cat":[748,1050,1052],"product_tag":[1103,1107,1061,1115,1104,1105,1099,1113,1074,1109,1057,1112,1100,1102,1065,1072,1111,1054,1069,1095,1067,1106,1098,1056,1073,1062,1070,1060,1096,1055,1071,1108,1066,1068,1063,1110,1101,1064,1097,1114],"class_list":{"0":"post-987513354","1":"product","2":"type-product","3":"status-publish","5":"product_cat-banco-de-fotografias","6":"product_cat-blanco-y-negro","7":"product_cat-urbana-bn","8":"product_tag-arquitectura-urbana-en-blanco-y-negro","9":"product_tag-ciudades-en-blanco-y-negro-para-decoracion","10":"product_tag-coleccion-de-fotografias-en-escala-de-grises","11":"product_tag-contrastes-impactantes-en-imagenes-monocromaticas","12":"product_tag-detalles-urbanos-en-fotografias-monocromaticas","13":"product_tag-escenarios-urbanos-atemporales-en-blanco-y-negro","14":"product_tag-escenas-urbanas-en-blanco-y-negro","15":"product_tag-escenas-urbanas-en-blanco-y-negro-para-proyectos-creativos","16":"product_tag-estampas-en-escala-de-grises-para-cuadros","17":"product_tag-estampas-monocromaticas-de-la-vida-en-la-ciudad","18":"product_tag-estilo-clasico-en-fotografias-en-blanco-y-negro","19":"product_tag-estilo-clasico-en-fotografias-urbanas","20":"product_tag-estilo-urbano-en-fotografias-monocromaticas","21":"product_tag-fotografias-artisticas-de-la-ciudad-en-tonalidades-de-gris","22":"product_tag-fotografias-artisticas-en-monocromo","23":"product_tag-fotografias-artisticas-en-tonalidades-grises","24":"product_tag-fotografias-de-entornos-urbanos-en-blanco-y-negro","25":"product_tag-fotografias-en-blanco-y-negro-de-alta-resolucion","26":"product_tag-fotografias-en-blanco-y-negro-para-fondos-de-pantalla","27":"product_tag-fotografias-urbanas-en-blanco-y-negro","28":"product_tag-fotos-de-arquitectura-en-escala-de-grises","29":"product_tag-fotos-de-calles-en-tonalidades-grises","30":"product_tag-fotos-de-ciudades-en-tonalidades-grises","31":"product_tag-fotos-en-blanco-y-negro-artisticas","32":"product_tag-fotos-en-blanco-y-negro-para-diseno-grafico","33":"product_tag-fotos-monocromaticas-para-interiores-modernos","34":"product_tag-galeria-de-arte-en-escala-de-grises","35":"product_tag-galeria-de-fotografias-en-tonalidades-grises","36":"product_tag-imagenes-monocromaticas-de-ciudades","37":"product_tag-imagenes-monocromaticas-para-decoracion","38":"product_tag-imagenes-monocromaticas-para-proyectos-creativos","39":"product_tag-imagenes-urbanas-serenas-en-blanco-y-negro","40":"product_tag-imagenes-vintage-en-blanco-y-negro","41":"product_tag-naturaleza-capturada-en-tonalidades-de-gris","42":"product_tag-paisajes-en-blanco-y-negro-para-decorar","43":"product_tag-paisajes-urbanos-en-blanco-y-negro-para-cuadros","44":"product_tag-paisajes-urbanos-en-escala-de-grises","45":"product_tag-retratos-en-tonalidades-de-gris","46":"product_tag-vida-urbana-en-escala-de-grises","47":"product_tag-vistas-de-la-ciudad-en-tonalidades-de-gris","49":"first","50":"instock","51":"taxable","52":"shipping-taxable","53":"product-type-external"},"_links":{"self":[{"href":"https:\/\/bancodefotografias.com\/inicio\/wp-json\/wp\/v2\/product\/987513354","targetHints":{"allow":["GET"]}}],"collection":[{"href":"https:\/\/bancodefotografias.com\/inicio\/wp-json\/wp\/v2\/product"}],"about":[{"href":"https:\/\/bancodefotografias.com\/inicio\/wp-json\/wp\/v2\/types\/product"}],"replies":[{"embeddable":true,"href":"https:\/\/bancodefotografias.com\/inicio\/wp-json\/wp\/v2\/comments?post=987513354"}],"wp:attachment":[{"href":"https:\/\/bancodefotografias.com\/inicio\/wp-json\/wp\/v2\/media?parent=987513354"}],"wp:term":[{"taxonomy":"product_brand","embeddable":true,"href":"https:\/\/bancodefotografias.com\/inicio\/wp-json\/wp\/v2\/product_brand?post=987513354"},{"taxonomy":"product_cat","embeddable":true,"href":"https:\/\/bancodefotografias.com\/inicio\/wp-json\/wp\/v2\/product_cat?post=987513354"},{"taxonomy":"product_tag","embeddable":true,"href":"https:\/\/bancodefotografias.com\/inicio\/wp-json\/wp\/v2\/product_tag?post=987513354"}],"curies":[{"name":"wp","href":"https:\/\/api.w.org\/{rel}","templated":true}]}}

<h4></h4>
<h4>Banco de fotografías e imágenes en blanco y negro paisaje urbano</h4>
<h4>fotografia del palacio real de madrid en blanco y negro</h4>
<div class="flex-1 overflow-hidden">
<div class="react-scroll-to-bottom--css-yjnsg-79elbk h-full dark:bg-gray-800">
<div class="react-scroll-to-bottom--css-yjnsg-1n7m0yu">
<div class="flex flex-col text-sm dark:bg-gray-800">
<div class="group final-completion w-full text-token-text-primary border-b border-black/10 gizmo:border-0 dark:border-gray-900/50 gizmo:dark:border-0 bg-gray-50 gizmo:bg-transparent dark:bg-[#444654] gizmo:dark:bg-transparent" data-testid="conversation-turn-183">
<div class="p-4 justify-center text-base md:gap-6 md:py-6 m-auto">
<div class="flex flex-1 gap-4 text-base mx-auto md:gap-6 gizmo:gap-3 gizmo:md:px-5 gizmo:lg:px-1 gizmo:xl:px-5 md:max-w-2xl lg:max-w-[38rem] gizmo:md:max-w-3xl gizmo:lg:max-w-[40rem] gizmo:xl:max-w-[48rem] xl:max-w-3xl }">
<div class="relative flex w-[calc(100%-50px)] flex-col gizmo:w-full lg:w-[calc(100%-115px)] agent-turn">
<div class="flex-col gap-1 md:gap-3">
<div class="flex flex-grow flex-col gap-3 max-w-full">
<div class="min-h-[20px] flex flex-col items-start gap-3 whitespace-pre-wrap break-words overflow-x-auto">
<div class="markdown prose w-full break-words dark:prose-invert light">
<div class="flex-1 overflow-hidden">
<div class="react-scroll-to-bottom--css-yjnsg-79elbk h-full dark:bg-gray-800">
<div class="react-scroll-to-bottom--css-yjnsg-1n7m0yu">
<div class="flex flex-col text-sm dark:bg-gray-800">
<div class="group final-completion w-full text-token-text-primary border-b border-black/10 gizmo:border-0 dark:border-gray-900/50 gizmo:dark:border-0 bg-gray-50 gizmo:bg-transparent dark:bg-[#444654] gizmo:dark:bg-transparent" data-testid="conversation-turn-183">
<div class="p-4 justify-center text-base md:gap-6 md:py-6 m-auto">
<div class="flex flex-1 gap-4 text-base mx-auto md:gap-6 gizmo:gap-3 gizmo:md:px-5 gizmo:lg:px-1 gizmo:xl:px-5 md:max-w-2xl lg:max-w-[38rem] gizmo:md:max-w-3xl gizmo:lg:max-w-[40rem] gizmo:xl:max-w-[48rem] xl:max-w-3xl }">
<div class="relative flex w-[calc(100%-50px)] flex-col gizmo:w-full lg:w-[calc(100%-115px)] agent-turn">
<div class="flex-col gap-1 md:gap-3">
<div class="flex flex-grow flex-col gap-3 max-w-full">
<div class="min-h-[20px] flex flex-col items-start gap-3 whitespace-pre-wrap break-words overflow-x-auto">
<div class="markdown prose w-full break-words dark:prose-invert light">
<p style="text-align: justify;">Si necesitas realizar una sesión de fotografía única, » comunión, boda, bautizos, retrato, desnudo, lencería, comercial, productos o de cualquier otro tipo» .</p>
<p style="text-align: justify;">Concierta una cita mandando un mensaje  a INFORMACION@DETENIENDOELTIEMPO.ES o  visitando  nuestra pagina de fotografía <a href="http://www.deteniendoeltiempo.es" target="_blank" rel="noopener">http://www.deteniendoeltiempo.es</a></p>
<p style="text-align: justify;">Visita nuestro blog si te interesa leer algún articulo, pulsa <a href="https://bancodefotografias.com/blog/">AQUI</a></p>
<p style="text-align: justify;">También PUEDES  ver mas CATEGORIAS de fotografías  dentro del Banco de fotografías , pulsa <a href="https://bancodefotografias.com/banco-de-fotografias-2/">AQUI</a></p>
</div>
</div>
</div>
</div>
</div>
</div>
</div>
</div>
</div>
</div>
</div>
</div>
</div>
</div>
</div>
</div>
</div>
</div>
</div>
</div>
</div>
</div>
</div>
</div>

<p>BANCO DE FOTOGRAFIAS</p>
<p><strong>CATEGORIA:  BLANCO Y NEGRO.-  URBANO  .- </strong></p>
<p><strong>Nº de veces que esta a la venta imagen: 25</strong></p>
<div class="group-content-key-value group-content fileSize">
<div class="group-content-key-value group-content fileSize">
<p class="group-content-key-value-key">Tamaño de archivo: 4,95 MB Dimensiones 6016 x 4000</p>
</div>
</div>
<p><strong> </strong></p>
<p><strong> Descarga de archivos y licencias<br />
El usuario tiene acceso privado completo al archivo descargado por tiempo ilimitado.<br />
Los derechos de autor de la imagen descargada seguirán perteneciendo a su propietario.</strong></p>
<p><strong><br />
Descarga de archivos: Pequeño<br />
Archivo con una resolución máxima de 800 px</strong></p>
<p><strong><br />
Descarga de archivos: Pantalla<br />
Archivo con una resolución máxima de 1024 píxeles.</strong></p>
<p><strong><br />
Descarga de archivos: Tamaño completo<br />
Archivo original en la máxima calidad para obtener un resultado óptimo</strong></p>
<p>NO VALIDA SU UTILIZACION PARA VENTA DE LA PROPIA IMAGEN COMO FICHERO DE DESCARGA O SIMILAR.</p>
