{"id":987513339,"date":"2024-02-17T19:46:02","date_gmt":"2024-02-17T18:46:02","guid":{"rendered":"https:\/\/bancodefotografias.com\/?post_type=product&#038;p=987513339"},"modified":"2024-02-29T22:58:54","modified_gmt":"2024-02-29T21:58:54","slug":"banco-de-fotografias-dt302","status":"publish","type":"product","link":"https:\/\/bancodefotografias.com\/inicio\/imagenes\/banco-de-fotografias-dt302\/","title":{"rendered":"Banco de fotografias en blanco y negro   DT1 &#8211; 302"},"content":{"rendered":"<h4>Banco de fotograf\u00edas e im\u00e1genes en blanco y negro<\/h4>\n<h4>Categor\u00eda Creativa<\/h4>\n<p>im\u00e1genes en blanco y negro de fotograf\u00edas creativas.<\/p>\n<p style=\"text-align: justify;\">Si necesitas realizar una sesi\u00f3n de fotograf\u00eda \u00fanica, \u00bb comuni\u00f3n, boda, bautizos, retrato, desnudo, lencer\u00eda, comercial, productos o de cualquier otro tipo\u00bb .<\/p>\n<p style=\"text-align: justify;\">Concierta una cita mandando un mensaje\u00a0 a INFORMACION@DETENIENDOELTIEMPO.ES o\u00a0 visitando\u00a0 nuestra pagina de fotograf\u00eda <a href=\"http:\/\/www.deteniendoeltiempo.es\" target=\"_blank\" rel=\"noopener\">http:\/\/www.deteniendoeltiempo.es<\/a><\/p>\n<p style=\"text-align: justify;\">Visita nuestro blog si te interesa leer alg\u00fan articulo, pulsa <a href=\"https:\/\/bancodefotografias.com\/blog\/\">AQUI<\/a><\/p>\n<p style=\"text-align: justify;\">Tambi\u00e9n PUEDES\u00a0 ver mas CATEGORIAS de fotograf\u00edas\u00a0 dentro del Banco de fotograf\u00edas , pulsa <a href=\"https:\/\/bancodefotografias.com\/banco-de-fotografias-2\/\">AQUI<\/a><\/p>\n","protected":false},"excerpt":{"rendered":"<p>BANCO DE FOTOGRAFIAS<\/p>\n<p><strong>CATEGORIA:\u00a0 CREATIVA\u00a0 .- BLANCO Y NEGRO<\/strong><\/p>\n<p><strong>N\u00ba de im\u00e1genes en la galer\u00eda : 18<\/strong><\/p>\n<div class=\"group-content-key-value group-content fileSize\">\n<div class=\"group-content-key-value group-content fileSize\">\n<div class=\"group-content-key-value group-content fileSize\">\n<div class=\"group-content-key-value group-content fileSize\">\n<div class=\"group-content-key-value group-content fileSize\">\n<div class=\"group-content-key-value group-content fileSize\">\n<div class=\"group-content-key-value group-content fileSize\">\n<div class=\"group-content-key-value group-content fileSize\">\n<div class=\"group-content-key-value group-content fileSize\">\n<p class=\"group-content-key-value-key\">\n<\/div>\n<p><strong>Descarga de archivos y licencias<\/strong><\/p>\n<\/div>\n<\/div>\n<\/div>\n<\/div>\n<\/div>\n<\/div>\n<\/div>\n<\/div>\n<p><strong>El usuario tiene acceso privado completo al archivo descargado por tiempo ilimitado.<br \/>\nLos derechos de autor de la imagen descargada seguir\u00e1n perteneciendo a su propietario.<\/strong><\/p>\n<p><strong><br \/>\nDescarga de archivos: Peque\u00f1o<br \/>\nArchivo con una resoluci\u00f3n m\u00e1xima de 800 px<\/strong><\/p>\n<p><strong><br \/>\nDescarga de archivos: Pantalla<br \/>\nArchivo con una resoluci\u00f3n m\u00e1xima de 1024 p\u00edxeles.<\/strong><\/p>\n<p><strong><br \/>\nDescarga de archivos: Tama\u00f1o completo<br \/>\nArchivo original en la m\u00e1xima calidad para obtener un resultado \u00f3ptimo<\/strong><\/p>\n<p>NO VALIDA SU UTILIZACION PARA VENTA DE LA PROPIA IMAGEN COMO FICHERO DE DESCARGA O SIMILAR.<\/p>\n","protected":false},"featured_media":0,"comment_status":"open","ping_status":"closed","template":"","meta":{"_et_pb_use_builder":"","_et_pb_old_content":"","_et_gb_content_width":""},"product_brand":[],"product_cat":[748,1050,1053],"product_tag":[1129,1061,1131,1115,1118,1126,1133,1074,1057,1127,1121,1123,1128,1065,1072,1116,2382,1054,1069,1132,1135,1134,1119,1125,1067,1056,1073,1062,1070,1060,1122,1130,1117,1055,1071,1066,1120,1068,1063,1064,1124],"class_list":{"0":"post-987513339","1":"product","2":"type-product","3":"status-publish","5":"product_cat-banco-de-fotografias","6":"product_cat-blanco-y-negro","7":"product_cat-creativa-bn","8":"product_tag-arte-en-blanco-y-negro-creativo","9":"product_tag-coleccion-de-fotografias-en-escala-de-grises","10":"product_tag-conceptos-creativos-en-blanco-y-negro","11":"product_tag-contrastes-impactantes-en-imagenes-monocromaticas","12":"product_tag-creatividad-en-escala-de-grises","13":"product_tag-creatividad-visual-en-blanco-y-negro","14":"product_tag-estampas-creativas-en-blanco-y-negro","15":"product_tag-estampas-en-escala-de-grises-para-cuadros","16":"product_tag-estilo-clasico-en-fotografias-en-blanco-y-negro","17":"product_tag-estilo-contemporaneo-en-fotografias-monocromaticas","18":"product_tag-estilo-creativo-en-fotografias-monocromaticas","19":"product_tag-fotografia-creativa-en-escala-de-grises","20":"product_tag-fotografia-experimental-en-blanco-y-negro","21":"product_tag-fotografias-artisticas-en-monocromo","22":"product_tag-fotografias-artisticas-en-tonalidades-grises","23":"product_tag-fotografias-creativas-en-blanco-y-negro","24":"product_tag-fotografias-de-coches","25":"product_tag-fotografias-en-blanco-y-negro-de-alta-resolucion","26":"product_tag-fotografias-en-blanco-y-negro-para-fondos-de-pantalla","27":"product_tag-fotografias-innovadoras-para-proyectos-artisticos","28":"product_tag-fotografias-monocromaticas-inspiradoras","29":"product_tag-fotos-abstractas-en-tonalidades-grises","30":"product_tag-fotos-artisticas-en-blanco-y-negro","31":"product_tag-fotos-artisticas-en-tonalidades-de-gris","32":"product_tag-fotos-de-arquitectura-en-escala-de-grises","33":"product_tag-fotos-en-blanco-y-negro-artisticas","34":"product_tag-fotos-en-blanco-y-negro-para-diseno-grafico","35":"product_tag-fotos-monocromaticas-para-interiores-modernos","36":"product_tag-galeria-de-arte-en-escala-de-grises","37":"product_tag-galeria-de-fotografias-en-tonalidades-grises","38":"product_tag-imagenes-abstractas-en-blanco-y-negro","39":"product_tag-imagenes-monocromaticas-artisticas-para-decoracion","40":"product_tag-imagenes-monocromaticas-innovadoras","41":"product_tag-imagenes-monocromaticas-para-decoracion","42":"product_tag-imagenes-monocromaticas-para-proyectos-creativos","43":"product_tag-imagenes-vintage-en-blanco-y-negro","44":"product_tag-innovacion-fotografica-en-tonalidades-grises","45":"product_tag-naturaleza-capturada-en-tonalidades-de-gris","46":"product_tag-paisajes-en-blanco-y-negro-para-decorar","47":"product_tag-retratos-en-tonalidades-de-gris","48":"product_tag-tecnicas-innovadoras-en-blanco-y-negro","50":"first","51":"instock","52":"taxable","53":"shipping-taxable","54":"product-type-external"},"_links":{"self":[{"href":"https:\/\/bancodefotografias.com\/inicio\/wp-json\/wp\/v2\/product\/987513339","targetHints":{"allow":["GET"]}}],"collection":[{"href":"https:\/\/bancodefotografias.com\/inicio\/wp-json\/wp\/v2\/product"}],"about":[{"href":"https:\/\/bancodefotografias.com\/inicio\/wp-json\/wp\/v2\/types\/product"}],"replies":[{"embeddable":true,"href":"https:\/\/bancodefotografias.com\/inicio\/wp-json\/wp\/v2\/comments?post=987513339"}],"wp:attachment":[{"href":"https:\/\/bancodefotografias.com\/inicio\/wp-json\/wp\/v2\/media?parent=987513339"}],"wp:term":[{"taxonomy":"product_brand","embeddable":true,"href":"https:\/\/bancodefotografias.com\/inicio\/wp-json\/wp\/v2\/product_brand?post=987513339"},{"taxonomy":"product_cat","embeddable":true,"href":"https:\/\/bancodefotografias.com\/inicio\/wp-json\/wp\/v2\/product_cat?post=987513339"},{"taxonomy":"product_tag","embeddable":true,"href":"https:\/\/bancodefotografias.com\/inicio\/wp-json\/wp\/v2\/product_tag?post=987513339"}],"curies":[{"name":"wp","href":"https:\/\/api.w.org\/{rel}","templated":true}]}}

<h4>Banco de fotografías e imágenes en blanco y negro</h4>
<h4>Categoría Creativa</h4>
<p>imágenes en blanco y negro de fotografías creativas.</p>
<p style="text-align: justify;">Si necesitas realizar una sesión de fotografía única, » comunión, boda, bautizos, retrato, desnudo, lencería, comercial, productos o de cualquier otro tipo» .</p>
<p style="text-align: justify;">Concierta una cita mandando un mensaje  a INFORMACION@DETENIENDOELTIEMPO.ES o  visitando  nuestra pagina de fotografía <a href="http://www.deteniendoeltiempo.es" target="_blank" rel="noopener">http://www.deteniendoeltiempo.es</a></p>
<p style="text-align: justify;">Visita nuestro blog si te interesa leer algún articulo, pulsa <a href="https://bancodefotografias.com/blog/">AQUI</a></p>
<p style="text-align: justify;">También PUEDES  ver mas CATEGORIAS de fotografías  dentro del Banco de fotografías , pulsa <a href="https://bancodefotografias.com/banco-de-fotografias-2/">AQUI</a></p>

<p>BANCO DE FOTOGRAFIAS</p>
<p><strong>CATEGORIA:  CREATIVA  .- BLANCO Y NEGRO</strong></p>
<p><strong>Nº de imágenes en la galería : 18</strong></p>
<div class="group-content-key-value group-content fileSize">
<div class="group-content-key-value group-content fileSize">
<div class="group-content-key-value group-content fileSize">
<div class="group-content-key-value group-content fileSize">
<div class="group-content-key-value group-content fileSize">
<div class="group-content-key-value group-content fileSize">
<div class="group-content-key-value group-content fileSize">
<div class="group-content-key-value group-content fileSize">
<div class="group-content-key-value group-content fileSize">
<p class="group-content-key-value-key">
</div>
<p><strong>Descarga de archivos y licencias</strong></p>
</div>
</div>
</div>
</div>
</div>
</div>
</div>
</div>
<p><strong>El usuario tiene acceso privado completo al archivo descargado por tiempo ilimitado.<br />
Los derechos de autor de la imagen descargada seguirán perteneciendo a su propietario.</strong></p>
<p><strong><br />
Descarga de archivos: Pequeño<br />
Archivo con una resolución máxima de 800 px</strong></p>
<p><strong><br />
Descarga de archivos: Pantalla<br />
Archivo con una resolución máxima de 1024 píxeles.</strong></p>
<p><strong><br />
Descarga de archivos: Tamaño completo<br />
Archivo original en la máxima calidad para obtener un resultado óptimo</strong></p>
<p>NO VALIDA SU UTILIZACION PARA VENTA DE LA PROPIA IMAGEN COMO FICHERO DE DESCARGA O SIMILAR.</p>
