{"id":987509216,"date":"2023-12-09T13:21:41","date_gmt":"2023-12-09T12:21:41","guid":{"rendered":"https:\/\/bancodefotografias.com\/?post_type=product&#038;p=987509216"},"modified":"2024-01-31T21:58:39","modified_gmt":"2024-01-31T20:58:39","slug":"banco-de-fotografias-dt889","status":"publish","type":"product","link":"https:\/\/bancodefotografias.com\/inicio\/imagenes\/banco-de-fotografias-dt889\/","title":{"rendered":"Banco de fotografias  Flores en Blanco y Negro DT889"},"content":{"rendered":"<h4>Banco de fotograf\u00edas e im\u00e1genes Flores en Blanco y Negro<\/h4>\n<p>&nbsp;<\/p>\n<div class=\"flex-1 overflow-hidden\">\n<div class=\"react-scroll-to-bottom--css-yjnsg-79elbk h-full dark:bg-gray-800\">\n<div class=\"react-scroll-to-bottom--css-yjnsg-1n7m0yu\">\n<div class=\"flex flex-col text-sm dark:bg-gray-800\">\n<div class=\"group final-completion w-full text-token-text-primary border-b border-black\/10 gizmo:border-0 dark:border-gray-900\/50 gizmo:dark:border-0 bg-gray-50 gizmo:bg-transparent dark:bg-[#444654] gizmo:dark:bg-transparent\" data-testid=\"conversation-turn-183\">\n<div class=\"p-4 justify-center text-base md:gap-6 md:py-6 m-auto\">\n<div class=\"flex flex-1 gap-4 text-base mx-auto md:gap-6 gizmo:gap-3 gizmo:md:px-5 gizmo:lg:px-1 gizmo:xl:px-5 md:max-w-2xl lg:max-w-[38rem] gizmo:md:max-w-3xl gizmo:lg:max-w-[40rem] gizmo:xl:max-w-[48rem] xl:max-w-3xl }\">\n<div class=\"relative flex w-[calc(100%-50px)] flex-col gizmo:w-full lg:w-[calc(100%-115px)] agent-turn\">\n<div class=\"flex-col gap-1 md:gap-3\">\n<div class=\"flex flex-grow flex-col gap-3 max-w-full\">\n<div class=\"min-h-[20px] flex flex-col items-start gap-3 whitespace-pre-wrap break-words overflow-x-auto\">\n<div class=\"markdown prose w-full break-words dark:prose-invert light\">\n<div class=\"flex-1 overflow-hidden\">\n<div class=\"react-scroll-to-bottom--css-yjnsg-79elbk h-full dark:bg-gray-800\">\n<div class=\"react-scroll-to-bottom--css-yjnsg-1n7m0yu\">\n<div class=\"flex flex-col text-sm dark:bg-gray-800\">\n<div class=\"group final-completion w-full text-token-text-primary border-b border-black\/10 gizmo:border-0 dark:border-gray-900\/50 gizmo:dark:border-0 bg-gray-50 gizmo:bg-transparent dark:bg-[#444654] gizmo:dark:bg-transparent\" data-testid=\"conversation-turn-183\">\n<div class=\"p-4 justify-center text-base md:gap-6 md:py-6 m-auto\">\n<div class=\"flex flex-1 gap-4 text-base mx-auto md:gap-6 gizmo:gap-3 gizmo:md:px-5 gizmo:lg:px-1 gizmo:xl:px-5 md:max-w-2xl lg:max-w-[38rem] gizmo:md:max-w-3xl gizmo:lg:max-w-[40rem] gizmo:xl:max-w-[48rem] xl:max-w-3xl }\">\n<div class=\"relative flex w-[calc(100%-50px)] flex-col gizmo:w-full lg:w-[calc(100%-115px)] agent-turn\">\n<div class=\"flex-col gap-1 md:gap-3\">\n<div class=\"flex flex-grow flex-col gap-3 max-w-full\">\n<div class=\"min-h-[20px] flex flex-col items-start gap-3 whitespace-pre-wrap break-words overflow-x-auto\">\n<div class=\"markdown prose w-full break-words dark:prose-invert light\">\n<div class=\"flex-1 overflow-hidden\">\n<div class=\"react-scroll-to-bottom--css-tyrzp-79elbk h-full\">\n<div class=\"react-scroll-to-bottom--css-tyrzp-1n7m0yu\">\n<div class=\"flex flex-col text-sm gizmo:pb-9 dark:bg-gray-800 gizmo:dark:bg-transparent\">\n<div class=\"group w-full text-token-text-primary border-b border-black\/10 gizmo:border-0 dark:border-gray-900\/50 gizmo:dark:border-0 bg-gray-50 gizmo:bg-transparent dark:bg-[#444654] gizmo:dark:bg-transparent\" data-testid=\"conversation-turn-286\">\n<div class=\"p-4 gizmo:py-2 justify-center text-base md:gap-6 md:py-6 m-auto\">\n<div class=\"flex flex-1 gap-4 text-base mx-auto md:gap-6 gizmo:gap-3 gizmo:md:px-5 gizmo:lg:px-1 gizmo:xl:px-5 md:max-w-2xl lg:max-w-[38rem] gizmo:md:max-w-3xl gizmo:lg:max-w-[40rem] gizmo:xl:max-w-[48rem] xl:max-w-3xl }\">\n<div class=\"relative flex w-[calc(100%-50px)] flex-col gizmo:w-full lg:w-[calc(100%-115px)] agent-turn\">\n<div class=\"flex-col gap-1 md:gap-3\">\n<div class=\"flex flex-grow flex-col gap-3 max-w-full\">\n<div class=\"min-h-[20px] flex flex-col items-start gap-3 whitespace-pre-wrap break-words overflow-x-auto\" data-message-author-role=\"assistant\" data-message-id=\"d05bf352-5868-4a5e-a85f-735e3d17a351\">\n<div class=\"markdown prose w-full break-words dark:prose-invert light\">\n<p>Descubre la elegancia atemporal con nuestra colecci\u00f3n de fotograf\u00edas de flores en blanco y negro.<\/p>\n<p>Cada imagen captura la belleza \u00fanica de las flores, resaltando detalles intrincados y contrastes sorprendentes sin distracciones de color.<\/p>\n<p>Estas fotograf\u00edas son mucho m\u00e1s que simples instant\u00e1neas: son obras de arte que evocan emociones profundas y a\u00f1aden un toque de sofisticaci\u00f3n a cualquier espacio.<\/p>\n<p>El blanco y negro resalta la forma, la textura y la delicadeza de cada p\u00e9talo, creando una experiencia visual \u00fanica y cautivadora.<\/p>\n<p>Perfectas para aquellos que aprecian la sutileza y la simplicidad, estas im\u00e1genes son ideales para decorar tu hogar, tu oficina o cualquier lugar que desees transformar con un toque de elegancia cl\u00e1sica.<\/p>\n<p>Tambi\u00e9n son regalos significativos para aquellos que encuentran belleza en la simplicidad y en la naturaleza misma.<\/p>\n<p>Sum\u00e9rgete en la poes\u00eda visual de nuestras fotograf\u00edas de flores en blanco y negro y lleva a casa la serenidad y la belleza eterna de la naturaleza.<\/p>\n<p>Cada imagen cuenta una historia \u00fanica que a\u00f1adir\u00e1 un toque de gracia y estilo a tu vida diaria. \u00a1Deja que la sutileza de las flores en blanco y negro te inspire!<\/p>\n<\/div>\n<\/div>\n<\/div>\n<\/div>\n<\/div>\n<\/div>\n<\/div>\n<\/div>\n<\/div>\n<\/div>\n<\/div>\n<\/div>\n<p>&nbsp;<\/p>\n<\/div>\n<\/div>\n<\/div>\n<\/div>\n<\/div>\n<\/div>\n<\/div>\n<\/div>\n<\/div>\n<\/div>\n<\/div>\n<\/div>\n<\/div>\n<\/div>\n<\/div>\n<\/div>\n<\/div>\n<\/div>\n<\/div>\n<\/div>\n<\/div>\n<\/div>\n<\/div>\n<\/div>\n<p>&nbsp;<\/p>\n","protected":false},"excerpt":{"rendered":"<h4><\/h4>\n<h4>Banco de fotograf\u00edas<\/h4>\n<p><strong>CATEGORIA:\u00a0 FLORES .- BLANCO Y NEGRO<\/strong><\/p>\n<p><strong>N\u00ba de veces que esta a la venta imagen: 5<\/strong><\/p>\n<p><strong>DATOS IMAGEN: <\/strong><\/p>\n<p><strong>\u00a0<\/strong><\/p>\n<p><strong>\u00a0<\/strong><\/p>\n<p><strong>Tipos de licencia para descarga.<\/strong><\/p>\n<p>ESTANDAR .<\/p>\n<ul>\n<li>Uso ilimitado de impresi\u00f3n para\u00a0 uso particular<\/li>\n<li>Uso ilimitado en creaci\u00f3n de paginas web, blog y art\u00edculos.<\/li>\n<li>Uso ilimitado en creaci\u00f3n de productos para decoraci\u00f3n para uso particular.<\/li>\n<\/ul>\n<ul>\n<li><\/li>\n<\/ul>\n<ul>\n<li style=\"list-style-type: none;\">\n<ul>\n<li style=\"list-style-type: none;\">\n<ul>\n<li>NO ES VALIDA LA LICENCIA PARA USO COMERCIAL&#8230;..<\/li>\n<\/ul>\n<\/li>\n<\/ul>\n<\/li>\n<\/ul>\n<p><strong>\u00a0 MEJORADA.-<\/strong><\/p>\n<ul>\n<li>Uso ilimitado de impresiones , particular o profesional.<\/li>\n<li>Uso ilimitado en creaci\u00f3n de paginas web, blog y art\u00edculos.<\/li>\n<li>Uso ilimitado en creaci\u00f3n de productos para decoraci\u00f3n para uso particular o comercial.<\/li>\n<li>Impresiones publicitarias ilimitadas para lugares p\u00fablicos.<\/li>\n<li>PERMITIDA SU COMERCIALIZACION PARA VENTA DE PRODUCTOS , PUBLICIDAD CON LA IMAGEN&#8230;.<\/li>\n<\/ul>\n<ul>\n<li><\/li>\n<\/ul>\n<ul>\n<li style=\"list-style-type: none;\">\n<ul>\n<li style=\"list-style-type: none;\">\n<ul>\n<li><em>NO VALIDA SU UTILIZACION PARA VENTA DE LA PROPIA IMAGEN COMO FICHERO DE DESCARGA O SIMILAR.<\/em><\/li>\n<\/ul>\n<\/li>\n<\/ul>\n<\/li>\n<li>Autorizaci\u00f3n para plantillas web.<\/li>\n<li>Decoraci\u00f3n en espacios personales y comerciales.<\/li>\n<\/ul>\n<p><strong>NOTAS .-<\/strong><\/p>\n<ul>\n<li>Puedes descargar 3 veces el fichero.<\/li>\n<li>Tienes 15 Dias para descargar Fichero una vez realizada la compra<\/li>\n<li>La marca de Agua desaparece al descargar fichero.<\/li>\n<\/ul>\n<p><strong>\u00a0<\/strong><\/p>\n<p>Si necesitas realizar una sesi\u00f3n de fotograf\u00eda \u00fanica, \u00bb comuni\u00f3n, boda, bautizos, retrato, desnudo, lencer\u00eda, comercial, productos o de cualquier otro tipo\u00bb .<\/p>\n<p>Concierta una cita mandando un mensaje\u00a0 a INFORMACION@DETENIENDOELTIEMPO.ES o\u00a0 visitando\u00a0 nuestra pagina de fotograf\u00eda <a href=\"http:\/\/www.deteniendoeltiempo.es\">http:\/\/www.deteniendoeltiempo.es<\/a><\/p>\n<p>Visita nuestro blog si te interesa leer alg\u00fan articulo, pulsa <a href=\"https:\/\/bancodefotografias.com\/blog\/\">AQUI<\/a><\/p>\n<p>Tambi\u00e9n PUEDES\u00a0 ver mas CATEGORIAS de fotograf\u00edas\u00a0 dentro del Banco de fotograf\u00edas , pulsa <a href=\"https:\/\/bancodefotografias.com\/banco-de-fotografias-2\/\">AQUI<\/a><\/p>\n<p>&nbsp;<\/p>\n<p>&nbsp;<\/p>\n<p>&nbsp;<\/p>\n","protected":false},"featured_media":0,"comment_status":"open","ping_status":"closed","template":"","meta":{"_et_pb_use_builder":"","_et_pb_old_content":"","_et_gb_content_width":""},"product_brand":[],"product_cat":[748,2006,2007],"product_tag":[1522,715,1995,543,544,1603,1206,1212,1202,1999,1986,1895,1997,2004,1987,2002,1985,2000,719,1916,2001,1993,310,2005,729,2003,721,1992,724,718,722,717,1199,730,1214,1205,714,723,728,720,727,1780,1203,726,1209,1201,1216,1211,1207,1210,1215,1217,725,1200,1213,716,1990,1994,1996,1998,1988,1989,1991],"class_list":{"0":"post-987509216","1":"product","2":"type-product","3":"status-publish","5":"product_cat-banco-de-fotografias","6":"product_cat-flores","7":"product_cat-flores-bn","8":"product_tag-amor","9":"product_tag-arte-en-blanco-y-negro","10":"product_tag-arte-sin-distracciones-de-color","11":"product_tag-banco-de-fotografias","12":"product_tag-banco-de-imagenes","13":"product_tag-belleza-clasica","14":"product_tag-capturas-artisticas","15":"product_tag-capturas-artisticas-en-alta-resolucion","16":"product_tag-capturas-creativas","17":"product_tag-contraste-y-profundidad","18":"product_tag-contrastes-vividos","19":"product_tag-corazon-en-la-arena","20":"product_tag-decoracion-con-estilo-clasico","21":"product_tag-delicadeza-en-monocromo","22":"product_tag-detalles-en-blanco-y-negro","23":"product_tag-efecto-dramatico-en-blanco-y-negro","24":"product_tag-elegancia-atemporal","25":"product_tag-estetica-intemporal","26":"product_tag-estilo-clasico-en-blanco-y-negro","27":"product_tag-estilo-vintage","28":"product_tag-estilo-vintage-moderno","29":"product_tag-expresion-artistica-en-blanco-y-negro","30":"product_tag-flores","31":"product_tag-flores-en-blanco-y-negro-para-el-alma","32":"product_tag-fotografia-artistica-en-blanco-y-negro","33":"product_tag-fotografia-artistica-en-tonos-grises","34":"product_tag-fotografia-en-blanco-y-negro-de-alta-calidad","35":"product_tag-fotografia-en-escala-de-grises","36":"product_tag-fotografia-en-tonos-grises","37":"product_tag-fotografia-monocromatica","38":"product_tag-fotografias-artisticas-en-blanco-y-negro","39":"product_tag-fotografias-artisticas-en-escala-de-grises","40":"product_tag-fotografias-creativas","41":"product_tag-fotografias-de-alta-calidad-en-blanco-y-negro","42":"product_tag-fotografias-de-autor","43":"product_tag-fotografias-de-concepto","44":"product_tag-fotografias-en-blanco-y-negro","45":"product_tag-fotografias-en-blanco-y-negro-para-decoracion","46":"product_tag-fotografias-en-blanco-y-negro-para-proyectos-creativos","47":"product_tag-fotografias-en-escala-de-grises","48":"product_tag-fotografias-minimalistas-en-blanco-y-negro","49":"product_tag-fotografias-monocromaticas","50":"product_tag-fotografias-originales","51":"product_tag-fotografias-vintage-en-blanco-y-negro","52":"product_tag-fotografias-visionarias","53":"product_tag-fotos-artisticas","54":"product_tag-fotos-artisticas-para-decoracion","55":"product_tag-fotos-creativas-de-alta-calidad","56":"product_tag-fotos-innovadoras","57":"product_tag-imagenes-conceptuales","58":"product_tag-imagenes-creativas-para-diseno","59":"product_tag-imagenes-creativas-para-publicidad","60":"product_tag-imagenes-en-blanco-y-negro-para-impresion","61":"product_tag-imagenes-innovadoras","62":"product_tag-imagenes-inspiradoras","63":"product_tag-imagenes-monocromaticas","64":"product_tag-minimalismo-floral","65":"product_tag-naturaleza-en-blanco-y-negro","66":"product_tag-poesia-visual-en-monocromo","67":"product_tag-regalo-artistico-y-refinado","68":"product_tag-sofisticacion-monocromatica","69":"product_tag-sutileza-natural","70":"product_tag-texturas-cautivadoras","72":"first","73":"instock","74":"taxable","75":"shipping-taxable","76":"purchasable","77":"product-type-variable"},"_links":{"self":[{"href":"https:\/\/bancodefotografias.com\/inicio\/wp-json\/wp\/v2\/product\/987509216","targetHints":{"allow":["GET"]}}],"collection":[{"href":"https:\/\/bancodefotografias.com\/inicio\/wp-json\/wp\/v2\/product"}],"about":[{"href":"https:\/\/bancodefotografias.com\/inicio\/wp-json\/wp\/v2\/types\/product"}],"replies":[{"embeddable":true,"href":"https:\/\/bancodefotografias.com\/inicio\/wp-json\/wp\/v2\/comments?post=987509216"}],"wp:attachment":[{"href":"https:\/\/bancodefotografias.com\/inicio\/wp-json\/wp\/v2\/media?parent=987509216"}],"wp:term":[{"taxonomy":"product_brand","embeddable":true,"href":"https:\/\/bancodefotografias.com\/inicio\/wp-json\/wp\/v2\/product_brand?post=987509216"},{"taxonomy":"product_cat","embeddable":true,"href":"https:\/\/bancodefotografias.com\/inicio\/wp-json\/wp\/v2\/product_cat?post=987509216"},{"taxonomy":"product_tag","embeddable":true,"href":"https:\/\/bancodefotografias.com\/inicio\/wp-json\/wp\/v2\/product_tag?post=987509216"}],"curies":[{"name":"wp","href":"https:\/\/api.w.org\/{rel}","templated":true}]}}